= 2*n + 184, i + i + 164 = 2*n. Let r = -33 - i. Calculate the greatest common divisor of p and r.
9
Suppose 0 = -k - k + 36. What is the highest common divisor of 63 and k?
9
Let o be 6*(-2)/(-1) - -1. Suppose 3*j - 2*i - o = -0*i, 3 = 3*i. What is the greatest common divisor of 45 and j?
5
Let g(q) = -18*q - 9. Let w be g(-6). Let p = 17 - 6. Calculate the highest common divisor of w and p.
11
Suppose 0 = -2*a + 5*p + 7, 2*p - 4*p - 22 = -2*a. What is the highest common factor of a and 16?
16
Let v(u) = -5*u - 1 + u + 0*u + 3. Let m be v(-4). Calculate the highest common factor of m and 54.
18
Suppose 19 - 18 = k. What is the greatest common divisor of k and 1?
1
Let y = 8 + 27. What is the greatest common divisor of y and 175?
35
Let p(j) = -j**2 + j - 3. Let r be p(0). Let z be r*(-2 + 3)*-1. What is the highest common divisor of z and 1?
1
Let m(y) = 6*y + 1. Let h be m(7). Calculate the highest common factor of h and 215.
43
Let i be -2*2/(-4)*13. Calculate the greatest common divisor of i and 26.
13
Let v = 42 + -30. Let f be 1 + -2 + 2 - -1. Suppose 0*g + 24 = f*g. What is the greatest common factor of v and g?
12
Let r(h) = 7*h**2 - 4*h + 5. Let u be r(-4). Let v = u - 88. Let q = -39 + 48. What is the highest common divisor of v and q?
9
Let c(w) = -w**3 + 4*w**2 + 6*w + 3. Let j be c(5). Suppose 0 = -j*s + 5*s + 24. Calculate the greatest common divisor of 20 and s.
4
Let r be ((-4)/(-12))/(3/99). What is the greatest common divisor of 121 and r?
11
Let d be 4*(3 + 14/(-4)). Let v be (7/(-3))/(d/162). Calculate the greatest common factor of 21 and v.
21
Let z be (-1 - 3)/((-1)/3). Let q(p) = p**2 + 9*p + 12. Let l be q(-8). Suppose i + 324 = l*i. Calculate the greatest common divisor of z and i.
12
Suppose 3*b + 15 + 3 = 0. Let l be (14/4)/((-1)/b). What is the greatest common factor of l and 21?
21
Let g(n) = 2*n**2 + 8*n + 6. Let w be g(-5). Let m = -7 + 10. Suppose m*k - 164 = 76. What is the greatest common divisor of k and w?
16
Suppose -15 = 2*x - b - 4*b, 4*x + 6 = 2*b. Let m = x - -2. Let j(w) = w**2 - 6*w + 1. Let k be j(6). What is the greatest common divisor of k and m?
1
Suppose -2*n - 28 = -3*n + 3*u, 5*n + u - 124 = 0. Calculate the greatest common factor of n and 75.
25
Suppose 2*y = -4*x + 12, 3*x = x + 5*y - 18. Let g be x*(5 + -1) - -2. Suppose -3*r = -r - g. What is the greatest common divisor of r and 2?
1
Let q be (-2)/2 + 34 - 2. Let u(d) = d**3 + 7*d**2 - 3*d - 4. Let v be u(-7). Let z = q - v. What is the greatest common divisor of 126 and z?
14
Let u(g) = g**2 - 1. Let w be (-2)/3 - 2/6. Let p = w + -3. Let i be u(p). Calculate the highest common factor of 5 and i.
5
Let i(r) = r**2 + 20*r - 32. Let a be i(-22). What is the highest common divisor of 108 and a?
12
Let q(y) = 2*y**2 - y. Let b be q(-3). Suppose 5*a - m = -b, a - 26 = 3*a + 4*m. Let n be 30/4*(-12)/a. Calculate the greatest common divisor of n and 12.
6
Let m = -33 - -51. Calculate the highest common divisor of m and 2.
2
Let b = -1 - 5. Let r be (-141)/b - (-2)/4. Calculate the highest common factor of 8 and r.
8
Let x(s) = s**2 - 3*s - 2. Let l be x(7). What is the highest common divisor of l and 182?
26
Let h be (12/(-8))/(6/(-20)). Suppose -v = -h*v + 128. Suppose 0 = u + 2*n - v, -3*u + 69 = 2*n - 5*n. Calculate the greatest common divisor of 65 and u.
13
Let u(i) = -i**2 + 99. Let y be u(0). Calculate the highest common divisor of y and 66.
33
Let u(o) = 339*o - 6. Let d be u(1). Calculate the greatest common factor of d and 37.
37
Let w(y) = y - 5. Let d be w(5). Suppose 0*j - 4*j - 12 = d, -3*b = 2*j - 324. Calculate the greatest common factor of b and 22.
22
Let n(o) = -28*o - 3. Let w be n(-3). Calculate the greatest common factor of 9 and w.
9
Suppose 0 = 5*y + 17 - 97. Calculate the greatest common divisor of y and 16.
16
Let b be (-1)/(1/3) + 6. Suppose a = -b*p + 84, -12 = 5*p + 2*a - 153. Let s = -44 + 62. What is the greatest common factor of s and p?
9
Suppose -q + 76 = 2*b, -3*b = -b. Suppose -7 = -6*l + 107. Calculate the highest common factor of q and l.
19
Suppose -15*u + 16*u - 22 = 0. Let x = u - -34. What is the highest common factor of x and 8?
8
Suppose -11 = -4*k - j, 0*j + 2*j - 4 = -2*k. Suppose 0 = a - g - 31, -k*a - 4*g + 67 + 33 = 0. What is the greatest common divisor of 80 and a?
16
Let d(m) = -2*m - 2. Let v be -2*((-2)/4)/1. Let j be (v/(-2))/((-6)/(-84)). Let w be d(j). What is the highest common divisor of 4 and w?
4
Let z be (-15)/(-2) - 2/(-4). Suppose -2*u - 3*j + 29 = -12, -55 = -4*u + 3*j. Calculate the greatest common factor of u and z.
8
Let y(n) = 2*n**2 - 3*n - 2. Let t be y(-3). Let v = 11 + -1. Calculate the highest common factor of v and t.
5
Suppose 67 = 3*c - 3*s + 7, 0 = 5*c + 5*s - 100. Let y be (4/2)/(2/200). What is the highest common factor of c and y?
20
Let v be 28/(-3)*(-3)/(-2). Let z be (18/4)/((-2)/(-12)). Let c = v + z. Calculate the highest common factor of 52 and c.
13
Suppose 2*v - 18 = -4*t, 1 = -3*t - 3*v + 16. Let r be (-9)/(-4)*24/9. Let q be r/33 + 42/11. Calculate the greatest common factor of q and t.
4
Let w be -1*((4 - 56) + -1). Suppose 0 = 4*p - r - 2*r - w, -5*r = 2*p - 33. Calculate the highest common factor of 126 and p.
14
Suppose 9*o - o - 152 = 0. Calculate the greatest common factor of o and 57.
19
Suppose 0 = -u - 2*u + 48. What is the highest common factor of 64 and u?
16
Suppose -2*c = -0*k + 3*k - 52, -2*c = 2*k - 54. Suppose -4*t + c = -427. Suppose t = 4*m - 6. Calculate the greatest common divisor of 6 and m.
6
Let g be ((37 - 2)/(-5))/((-1)/8). Calculate the greatest common factor of g and 140.
28
Suppose 0 = -6*r + 11*r - 15. What is the greatest common factor of r and 1?
1
Suppose 3*s - 4*s - 22 = 4*x, -25 = 5*x. Let a = 10 - s. What is the greatest common factor of a and 48?
12
Let s = 50 - 34. What is the highest common factor of 2 and s?
2
Let a be -5*2*(-4)/(-10). Let x be (-366)/(-15) - a/(-10). Calculate the greatest common divisor of x and 36.
12
Suppose 5*q - 80 = 2*x + 3*x, -5*q = -x - 96. Calculate the highest common divisor of q and 30.
10
Let v be 1002/21 - (-4)/14. Let n = 48 + v. Let k = 41 - 29. What is the highest common factor of n and k?
12
Let g be ((-36)/(-4))/3 - -3. What is the highest common factor of g and 18?
6
Let u be ((-3)/(-2))/(9/48). Let q(o) = -52*o - 6. Let w be q(6). Let h be w/(-5) - 4/(-10). What is the highest common divisor of h and u?
8
Suppose 5*y = -5*z, -3*y = 5*z - 2 - 4. Let n be ((-3)/4)/(y/12). Suppose 2*p - 20 = -n*p. What is the greatest common factor of 36 and p?
4
Suppose 0 = 3*s - 14*s + 99. What is the highest common factor of s and 63?
9
Let x(w) = w**3 - 5*w**2 + 3*w + 8. Let h be x(4). What is the greatest common divisor of 16 and h?
4
Suppose 0 = -2*k + 2 + 2. Suppose k*p + p - 424 = 4*t, 5*t - 555 = -4*p. Calculate the greatest common factor of p and 28.
28
Let f(k) = -80*k - 5. Let q(d) = 80*d + 4. Let j(r) = -5*f(r) - 6*q(r). Let l be j(-1). Suppose 5*n - l = 29. What is the highest common factor of 242 and n?
22
Let a be 1/(63/612) - 4/(-14). What is the greatest common divisor of 30 and a?
10
Let z(h) = -h**2 - 11*h + 6. Let s be z(-10). Calculate the highest common factor of 4 and s.
4
Let k(n) = n**3 - 13*n**2 + 2*n - 18. Let i be k(13). What is the highest common factor of 4 and i?
4
Suppose 0 = 3*g - 2 - 1. Suppose 3 - g = 2*f. Let b be (-3)/(3*f/(-8)). What is the highest common divisor of b and 64?
8
Suppose -4*h + 19 = 3*y + 4, 4*y = -3*h + 13. Calculate the highest common divisor of h and 24.
3
Suppose 4*o + 22 - 130 = 0. What is the greatest common factor of 27 and o?
27
Suppose -4*q + 2*s - 120 = 0, -3*s - 104 = 4*q - s. Let j = -16 - q. Suppose -7 - 83 = -5*r. Calculate the greatest common factor of j and r.
6
Suppose -2*x + 2 = -28. Suppose -5*k + 300 = -3*k. What is the greatest common factor of x and k?
15
Suppose -b = -2*t + 19, -4*b + b - 4*t = 7. Let h = 10 + b. What is the greatest common factor of h and 3?
1
Let f be ((-7)/3)/(1/(-3)). Suppose i - 3*i + 14 = 0. Calculate the highest common factor of i and f.
7
Let j = 20 + -14. Calculate the greatest common factor of j and 12.
6
Suppose -3*r - 2*v + 6 = 0, -1 = -4*r - 2*v + 7. Let z be 1 - r - (-121 + 1). What is the 